MOON
Server: LiteSpeed
System: Linux server.mirbax.com 5.14.0-503.26.1.el9_5.x86_64 #1 SMP PREEMPT_DYNAMIC Mon Mar 3 05:56:39 EST 2025 x86_64
User: rootx13 (1147)
PHP: 8.1.31
Disabled: NONE
Upload Files
File: /home/rootx13/access-logs/rootx13.mail.hepar.org.tr
18.218.48.95 - - [19/May/2026:22:14:53 +0300] "GET /.well-known/acme-challenge/Kwv6lv2MXk7aGFIK29TD_cB0pJRLBkUWthqgC-ZMPlE HTTP/1.1" 200 87 "-" "Mozilla/5.0 (compatible; Let's Encrypt validation server; +https://www.letsencrypt.org)"
213.238.176.49 - - [19/May/2026:22:15:57 +0300] "GET /.well-known/acme-challenge/6wLf3_-QewTOrY6mq99EQC1mJgL5pq1OgOP7ddicbQw HTTP/1.1" 200 87 "-" "Mozilla/5.0 (compatible; Let's Encrypt validation server; +https://www.letsencrypt.org)"
213.238.176.49 - - [19/May/2026:22:15:58 +0300] "GET /.well-known/acme-challenge/6wLf3_-QewTOrY6mq99EQC1mJgL5pq1OgOP7ddicbQw HTTP/1.1" 200 87 "-" "Mozilla/5.0 (compatible; Let's Encrypt validation server; +https://www.letsencrypt.org)"
18.236.126.15 - - [19/May/2026:22:16:01 +0300] "GET /.well-known/acme-challenge/XnAPGa7yIQVP6ev7x2Y1AO2qVDojKCn7xPz-pm5SzWw HTTP/1.1" 200 87 "-" "Mozilla/5.0 (compatible; Let's Encrypt validation server; +https://www.letsencrypt.org)"
213.238.176.49 - - [19/May/2026:22:05:34 +0300] "GET /.well-known/acme-challenge/UPELANWKN3SENGH8ERYXT3OXCY_DBYY2 HTTP/1.1" 200 64 "-" "Cpanel-HTTP-Client/1.0"
213.238.176.49 - - [19/May/2026:22:15:56 +0300] "GET /.well-known/acme-challenge/NLfTnnd19ERcA350zw3YJFqcGApjjkeza322_QPP1o8 HTTP/1.1" 200 87 "-" "Mozilla/5.0 (compatible; Let's Encrypt validation server; +https://www.letsencrypt.org)"
44.243.180.128 - - [19/May/2026:22:15:57 +0300] "GET /.well-known/acme-challenge/jBYuItq5SQQKNOlfvWFNDt_OPDlun_Yr5yCxai3lXS4 HTTP/1.1" 200 87 "-" "Mozilla/5.0 (compatible; Let's Encrypt validation server; +https://www.letsencrypt.org)"
213.238.176.49 - - [19/May/2026:22:15:58 +0300] "GET /.well-known/acme-challenge/NKAo3UVKcIfEXbsomT9Bu3JN3oBA2OjHVhX_D-g-lCs HTTP/1.1" 200 87 "-" "Mozilla/5.0 (compatible; Let's Encrypt validation server; +https://www.letsencrypt.org)"
213.238.176.49 - - [19/May/2026:22:15:58 +0300] "GET /.well-known/acme-challenge/NLfTnnd19ERcA350zw3YJFqcGApjjkeza322_QPP1o8 HTTP/1.1" 200 87 "-" "Mozilla/5.0 (compatible; Let's Encrypt validation server; +https://www.letsencrypt.org)"
213.238.176.49 - - [19/May/2026:22:15:58 +0300] "GET /.well-known/acme-challenge/LhGOwuiAbFzZPZbrHKjIuUAZbA0U8orzHHCpf-iAFhE HTTP/1.1" 200 87 "-" "Mozilla/5.0 (compatible; Let's Encrypt validation server; +https://www.letsencrypt.org)"
213.238.176.49 - - [19/May/2026:22:15:59 +0300] "GET /.well-known/acme-challenge/LhGOwuiAbFzZPZbrHKjIuUAZbA0U8orzHHCpf-iAFhE HTTP/1.1" 200 87 "-" "Mozilla/5.0 (compatible; Let's Encrypt validation server; +https://www.letsencrypt.org)"
213.238.176.49 - - [19/May/2026:22:15:59 +0300] "GET /.well-known/acme-challenge/LhGOwuiAbFzZPZbrHKjIuUAZbA0U8orzHHCpf-iAFhE HTTP/1.1" 200 87 "-" "Mozilla/5.0 (compatible; Let's Encrypt validation server; +https://www.letsencrypt.org)"
23.178.112.106 - - [19/May/2026:22:16:00 +0300] "GET /.well-known/acme-challenge/XnAPGa7yIQVP6ev7x2Y1AO2qVDojKCn7xPz-pm5SzWw HTTP/1.1" 200 87 "-" "Mozilla/5.0 (compatible; Let's Encrypt validation server; +https://www.letsencrypt.org)"
213.238.176.49 - - [19/May/2026:22:16:01 +0300] "GET /.well-known/acme-challenge/6TpyMToDnWILuSrk47RXpSY-_LSmo7rT33TJvij48G8 HTTP/1.1" 200 87 "-" "Mozilla/5.0 (compatible; Let's Encrypt validation server; +https://www.letsencrypt.org)"
213.238.176.49 - - [19/May/2026:22:05:35 +0300] "GET /.well-known/acme-challenge/R-_ZD67RJALAFX_PN10LGF--8EXE6FA6 HTTP/1.1" 200 64 "-" "Cpanel-HTTP-Client/1.0"
52.32.253.21 - - [19/May/2026:22:14:53 +0300] "GET /.well-known/acme-challenge/Kwv6lv2MXk7aGFIK29TD_cB0pJRLBkUWthqgC-ZMPlE HTTP/1.1" 200 87 "-" "Mozilla/5.0 (compatible; Let's Encrypt validation server; +https://www.letsencrypt.org)"
213.238.176.49 - - [19/May/2026:22:15:57 +0300] "GET /.well-known/acme-challenge/NLfTnnd19ERcA350zw3YJFqcGApjjkeza322_QPP1o8 HTTP/1.1" 200 87 "-" "Mozilla/5.0 (compatible; Let's Encrypt validation server; +https://www.letsencrypt.org)"
213.238.176.49 - - [19/May/2026:22:15:58 +0300] "GET /.well-known/acme-challenge/NKAo3UVKcIfEXbsomT9Bu3JN3oBA2OjHVhX_D-g-lCs HTTP/1.1" 200 87 "-" "Mozilla/5.0 (compatible; Let's Encrypt validation server; +https://www.letsencrypt.org)"
213.238.176.49 - - [19/May/2026:22:15:59 +0300] "GET /.well-known/acme-challenge/x9Cl75ejcgVLcOoTxZxCs9VK9sqJeMaqAnQI2NQR5Rw HTTP/1.1" 200 87 "-" "Mozilla/5.0 (compatible; Let's Encrypt validation server; +https://www.letsencrypt.org)"
213.238.176.49 - - [19/May/2026:22:05:34 +0300] "GET /.well-known/acme-challenge/1ICC4AHK35E2869O74GGLZHOP5BTSR_9 HTTP/1.1" 200 64 "-" "Cpanel-HTTP-Client/1.0"
3.128.226.105 - - [19/May/2026:22:15:57 +0300] "GET /.well-known/acme-challenge/jBYuItq5SQQKNOlfvWFNDt_OPDlun_Yr5yCxai3lXS4 HTTP/1.1" 200 87 "-" "Mozilla/5.0 (compatible; Let's Encrypt validation server; +https://www.letsencrypt.org)"
213.238.176.49 - - [19/May/2026:22:15:58 +0300] "GET /.well-known/acme-challenge/x9Cl75ejcgVLcOoTxZxCs9VK9sqJeMaqAnQI2NQR5Rw HTTP/1.1" 200 87 "-" "Mozilla/5.0 (compatible; Let's Encrypt validation server; +https://www.letsencrypt.org)"
213.238.176.49 - - [19/May/2026:22:15:58 +0300] "GET /.well-known/acme-challenge/33YE9bSwcSxbU6DHnmf6ufKwaCbwq9ohSK9MKu1QuDc HTTP/1.1" 200 87 "-" "Mozilla/5.0 (compatible; Let's Encrypt validation server; +https://www.letsencrypt.org)"
213.238.176.49 - - [19/May/2026:22:16:00 +0300] "GET /.well-known/acme-challenge/6TpyMToDnWILuSrk47RXpSY-_LSmo7rT33TJvij48G8 HTTP/1.1" 200 87 "-" "Mozilla/5.0 (compatible; Let's Encrypt validation server; +https://www.letsencrypt.org)"
213.238.176.49 - - [19/May/2026:22:15:56 +0300] "GET /.well-known/acme-challenge/33YE9bSwcSxbU6DHnmf6ufKwaCbwq9ohSK9MKu1QuDc HTTP/1.1" 200 87 "-" "Mozilla/5.0 (compatible; Let's Encrypt validation server; +https://www.letsencrypt.org)"
213.238.176.49 - - [19/May/2026:22:05:34 +0300] "GET /.well-known/acme-challenge/LY3582X4MCX1VGGC2UF2RZOJM5YF2FE6 HTTP/1.1" 200 64 "-" "Cpanel-HTTP-Client/1.0"
213.238.176.49 - - [19/May/2026:22:05:34 +0300] "GET /.well-known/acme-challenge/VTM6Y1FZYH_FB3NMY7CID22P5SPZBWFT HTTP/1.1" 200 64 "-" "Cpanel-HTTP-Client/1.0"
213.238.176.49 - - [19/May/2026:22:05:34 +0300] "GET /.well-known/acme-challenge/IXR180M4EGTXEH3UASC6LA4KFPC9EPNB HTTP/1.1" 200 64 "-" "Cpanel-HTTP-Client/1.0"
213.238.176.49 - - [19/May/2026:22:05:34 +0300] "GET /.well-known/acme-challenge/QTLSB4LF2AP2QYH6ROYGTS3NRC2IM2L8 HTTP/1.1" 200 64 "-" "Cpanel-HTTP-Client/1.0"
23.178.112.104 - - [19/May/2026:22:14:52 +0300] "GET /.well-known/acme-challenge/Kwv6lv2MXk7aGFIK29TD_cB0pJRLBkUWthqgC-ZMPlE HTTP/1.1" 200 87 "-" "Mozilla/5.0 (compatible; Let's Encrypt validation server; +https://www.letsencrypt.org)"
213.238.176.49 - - [19/May/2026:22:15:58 +0300] "GET /.well-known/acme-challenge/33YE9bSwcSxbU6DHnmf6ufKwaCbwq9ohSK9MKu1QuDc HTTP/1.1" 200 87 "-" "Mozilla/5.0 (compatible; Let's Encrypt validation server; +https://www.letsencrypt.org)"
213.238.176.49 - - [19/May/2026:22:15:59 +0300] "GET /.well-known/acme-challenge/x9Cl75ejcgVLcOoTxZxCs9VK9sqJeMaqAnQI2NQR5Rw HTTP/1.1" 200 87 "-" "Mozilla/5.0 (compatible; Let's Encrypt validation server; +https://www.letsencrypt.org)"
213.238.176.49 - - [19/May/2026:22:16:00 +0300] "GET /.well-known/acme-challenge/6TpyMToDnWILuSrk47RXpSY-_LSmo7rT33TJvij48G8 HTTP/1.1" 200 87 "-" "Mozilla/5.0 (compatible; Let's Encrypt validation server; +https://www.letsencrypt.org)"
3.15.157.236 - - [19/May/2026:22:16:00 +0300] "GET /.well-known/acme-challenge/XnAPGa7yIQVP6ev7x2Y1AO2qVDojKCn7xPz-pm5SzWw HTTP/1.1" 200 87 "-" "Mozilla/5.0 (compatible; Let's Encrypt validation server; +https://www.letsencrypt.org)"
213.238.176.49 - - [19/May/2026:22:05:34 +0300] "GET /.well-known/acme-challenge/KGDZOHBF72NPQ48BRJ1KK182AJD755AB HTTP/1.1" 200 64 "-" "Cpanel-HTTP-Client/1.0"
213.238.176.49 - - [19/May/2026:22:05:34 +0300] "GET /.well-known/acme-challenge/XI-P8SRA-M-JUJC74630X4G16MXVUAG- HTTP/1.1" 200 64 "-" "Cpanel-HTTP-Client/1.0"
213.238.176.49 - - [19/May/2026:22:05:35 +0300] "GET /.well-known/acme-challenge/A8ROD19EGWUKMATK50HAQ3ZGV9L9G3A5 HTTP/1.1" 200 64 "-" "Cpanel-HTTP-Client/1.0"
23.178.112.108 - - [19/May/2026:22:15:56 +0300] "GET /.well-known/acme-challenge/jBYuItq5SQQKNOlfvWFNDt_OPDlun_Yr5yCxai3lXS4 HTTP/1.1" 200 87 "-" "Mozilla/5.0 (compatible; Let's Encrypt validation server; +https://www.letsencrypt.org)"
213.238.176.49 - - [19/May/2026:22:15:56 +0300] "GET /.well-known/acme-challenge/6wLf3_-QewTOrY6mq99EQC1mJgL5pq1OgOP7ddicbQw HTTP/1.1" 200 87 "-" "Mozilla/5.0 (compatible; Let's Encrypt validation server; +https://www.letsencrypt.org)"
213.238.176.49 - - [19/May/2026:22:15:58 +0300] "GET /.well-known/acme-challenge/NKAo3UVKcIfEXbsomT9Bu3JN3oBA2OjHVhX_D-g-lCs HTTP/1.1" 200 87 "-" "Mozilla/5.0 (compatible; Let's Encrypt validation server; +https://www.letsencrypt.org)"
213.238.176.49 - - [20/May/2026:01:05:34 +0300] "GET /.well-known/acme-challenge/P7MH8XG5ZKHF0ZZGXOWKS_NAGQYC46HF HTTP/1.1" 200 64 "-" "Cpanel-HTTP-Client/1.0"
213.238.176.49 - - [20/May/2026:01:05:35 +0300] "GET /.well-known/acme-challenge/R2-DLGR9QHYIIXJAVW0OM06GT5HE8ARB HTTP/1.1" 200 64 "-" "Cpanel-HTTP-Client/1.0"
213.238.176.49 - - [20/May/2026:01:05:35 +0300] "GET /.well-known/acme-challenge/UWB0AZCMB-RXHKTIZ9RU_E1HQS5N5QMM HTTP/1.1" 200 64 "-" "Cpanel-HTTP-Client/1.0"
213.238.176.49 - - [20/May/2026:01:05:34 +0300] "GET /.well-known/acme-challenge/4424W7ZQCG-0J1JDERXQZ4FAMVYLL2YU HTTP/1.1" 200 64 "-" "Cpanel-HTTP-Client/1.0"
213.238.176.49 - - [20/May/2026:01:05:35 +0300] "GET /.well-known/acme-challenge/64ERV5MJPA_TE8DUUJ3381NSCQR6DDAU HTTP/1.1" 200 64 "-" "Cpanel-HTTP-Client/1.0"
213.238.176.49 - - [20/May/2026:01:05:35 +0300] "GET /.well-known/acme-challenge/MZ7S-PBMB_OUY9I_-0KO8OD04A03MM25 HTTP/1.1" 200 64 "-" "Cpanel-HTTP-Client/1.0"
213.238.176.49 - - [20/May/2026:01:05:35 +0300] "GET /.well-known/acme-challenge/RIBWNEC3M6KNSQSNZDL8_I1GD0IZFSLI HTTP/1.1" 200 64 "-" "Cpanel-HTTP-Client/1.0"
213.238.176.49 - - [20/May/2026:01:05:35 +0300] "GET /.well-known/acme-challenge/T0E6M0JGDNFL8O5P910ZAAI20N7SNL3- HTTP/1.1" 200 64 "-" "Cpanel-HTTP-Client/1.0"
213.238.176.49 - - [20/May/2026:01:05:35 +0300] "GET /.well-known/acme-challenge/MR2Y03S-9HEHJYNRUGJUJM14ANC9YP0E HTTP/1.1" 200 64 "-" "Cpanel-HTTP-Client/1.0"
213.238.176.49 - - [20/May/2026:01:05:35 +0300] "GET /.well-known/acme-challenge/CUW_-P-WCM_56JYDOZUIUHPP0OT50ZTY HTTP/1.1" 200 64 "-" "Cpanel-HTTP-Client/1.0"
213.238.176.49 - - [20/May/2026:01:15:34 +0300] "GET /.well-known/acme-challenge/YAIYFw7ECwmUFffY1WTDmE7IBYW8dIuq8DvrtVPcVrY HTTP/1.1" 200 87 "-" "Mozilla/5.0 (compatible; Let's Encrypt validation server; +https://www.letsencrypt.org)"
213.238.176.49 - - [20/May/2026:01:15:35 +0300] "GET /.well-known/acme-challenge/seFni5jpkis5XkAj8uzl31zK5j3yHdJX9Yglv6NM1SQ HTTP/1.1" 200 87 "-" "Mozilla/5.0 (compatible; Let's Encrypt validation server; +https://www.letsencrypt.org)"
213.238.176.49 - - [20/May/2026:01:15:35 +0300] "GET /.well-known/acme-challenge/seFni5jpkis5XkAj8uzl31zK5j3yHdJX9Yglv6NM1SQ HTTP/1.1" 200 87 "-" "Mozilla/5.0 (compatible; Let's Encrypt validation server; +https://www.letsencrypt.org)"
213.238.176.49 - - [20/May/2026:01:15:35 +0300] "GET /.well-known/acme-challenge/kfB-aV1ZcBHRD2knRnkJ-3-6PT8YYc-AZBjAj7uVZ1A HTTP/1.1" 200 87 "-" "Mozilla/5.0 (compatible; Let's Encrypt validation server; +https://www.letsencrypt.org)"
213.238.176.49 - - [20/May/2026:01:15:36 +0300] "GET /.well-known/acme-challenge/K967CawFiwfqnfmK6sCnW_pQKpVA7LP0VQpG2HKhxWs HTTP/1.1" 200 87 "-" "Mozilla/5.0 (compatible; Let's Encrypt validation server; +https://www.letsencrypt.org)"
35.167.84.209 - - [20/May/2026:01:14:49 +0300] "GET /.well-known/acme-challenge/5b-ELozokBb6tGYdY1atgPBYuZ1AB1K3gzTMZ4rEKP4 HTTP/1.1" 200 87 "-" "Mozilla/5.0 (compatible; Let's Encrypt validation server; +https://www.letsencrypt.org)"
23.178.112.104 - - [20/May/2026:01:15:33 +0300] "GET /.well-known/acme-challenge/mrK0NyrFS_uclnAyWF16BlkjW1Te9HG59oZlYXJKnGI HTTP/1.1" 200 87 "-" "Mozilla/5.0 (compatible; Let's Encrypt validation server; +https://www.letsencrypt.org)"
213.238.176.49 - - [20/May/2026:01:15:34 +0300] "GET /.well-known/acme-challenge/154MTKVvzYs6n7EXjPQ7XSuMYwSQvVQYKcZsd0MC4Sc HTTP/1.1" 200 87 "-" "Mozilla/5.0 (compatible; Let's Encrypt validation server; +https://www.letsencrypt.org)"
213.238.176.49 - - [20/May/2026:01:15:34 +0300] "GET /.well-known/acme-challenge/K967CawFiwfqnfmK6sCnW_pQKpVA7LP0VQpG2HKhxWs HTTP/1.1" 200 87 "-" "Mozilla/5.0 (compatible; Let's Encrypt validation server; +https://www.letsencrypt.org)"
213.238.176.49 - - [20/May/2026:01:15:35 +0300] "GET /.well-known/acme-challenge/YAIYFw7ECwmUFffY1WTDmE7IBYW8dIuq8DvrtVPcVrY HTTP/1.1" 200 87 "-" "Mozilla/5.0 (compatible; Let's Encrypt validation server; +https://www.letsencrypt.org)"
213.238.176.49 - - [20/May/2026:01:15:35 +0300] "GET /.well-known/acme-challenge/rRt6jRx1uH6IA4JZI93elcc-F_tZ_v1JvF7J1bYelyw HTTP/1.1" 200 87 "-" "Mozilla/5.0 (compatible; Let's Encrypt validation server; +https://www.letsencrypt.org)"
213.238.176.49 - - [20/May/2026:01:15:35 +0300] "GET /.well-known/acme-challenge/kfB-aV1ZcBHRD2knRnkJ-3-6PT8YYc-AZBjAj7uVZ1A HTTP/1.1" 200 87 "-" "Mozilla/5.0 (compatible; Let's Encrypt validation server; +https://www.letsencrypt.org)"
3.15.157.236 - - [20/May/2026:01:15:34 +0300] "GET /.well-known/acme-challenge/Eqjajjv8zcI9k2Ga3P4EzkDyhGy3EktdPS5yPRvLIkA HTTP/1.1" 200 87 "-" "Mozilla/5.0 (compatible; Let's Encrypt validation server; +https://www.letsencrypt.org)"
213.238.176.49 - - [20/May/2026:01:15:34 +0300] "GET /.well-known/acme-challenge/154MTKVvzYs6n7EXjPQ7XSuMYwSQvVQYKcZsd0MC4Sc HTTP/1.1" 200 87 "-" "Mozilla/5.0 (compatible; Let's Encrypt validation server; +https://www.letsencrypt.org)"
213.238.176.49 - - [20/May/2026:01:15:34 +0300] "GET /.well-known/acme-challenge/seFni5jpkis5XkAj8uzl31zK5j3yHdJX9Yglv6NM1SQ HTTP/1.1" 200 87 "-" "Mozilla/5.0 (compatible; Let's Encrypt validation server; +https://www.letsencrypt.org)"
213.238.176.49 - - [20/May/2026:01:15:34 +0300] "GET /.well-known/acme-challenge/kfB-aV1ZcBHRD2knRnkJ-3-6PT8YYc-AZBjAj7uVZ1A HTTP/1.1" 200 87 "-" "Mozilla/5.0 (compatible; Let's Encrypt validation server; +https://www.letsencrypt.org)"
13.212.86.57 - - [20/May/2026:01:15:35 +0300] "GET /.well-known/acme-challenge/Eqjajjv8zcI9k2Ga3P4EzkDyhGy3EktdPS5yPRvLIkA HTTP/1.1" 200 87 "-" "Mozilla/5.0 (compatible; Let's Encrypt validation server; +https://www.letsencrypt.org)"
23.178.112.104 - - [20/May/2026:01:15:33 +0300] "GET /.well-known/acme-challenge/Eqjajjv8zcI9k2Ga3P4EzkDyhGy3EktdPS5yPRvLIkA HTTP/1.1" 200 87 "-" "Mozilla/5.0 (compatible; Let's Encrypt validation server; +https://www.letsencrypt.org)"
35.92.140.52 - - [20/May/2026:01:15:34 +0300] "GET /.well-known/acme-challenge/Eqjajjv8zcI9k2Ga3P4EzkDyhGy3EktdPS5yPRvLIkA HTTP/1.1" 200 87 "-" "Mozilla/5.0 (compatible; Let's Encrypt validation server; +https://www.letsencrypt.org)"
213.238.176.49 - - [20/May/2026:01:15:34 +0300] "GET /.well-known/acme-challenge/q8kYBAj4Lpopfo2hu8NzjOToLDEuW6E7QDOVM4dE5qw HTTP/1.1" 200 87 "-" "Mozilla/5.0 (compatible; Let's Encrypt validation server; +https://www.letsencrypt.org)"
213.238.176.49 - - [20/May/2026:01:15:35 +0300] "GET /.well-known/acme-challenge/K967CawFiwfqnfmK6sCnW_pQKpVA7LP0VQpG2HKhxWs HTTP/1.1" 200 87 "-" "Mozilla/5.0 (compatible; Let's Encrypt validation server; +https://www.letsencrypt.org)"
44.243.180.128 - - [20/May/2026:01:15:35 +0300] "GET /.well-known/acme-challenge/mrK0NyrFS_uclnAyWF16BlkjW1Te9HG59oZlYXJKnGI HTTP/1.1" 200 87 "-" "Mozilla/5.0 (compatible; Let's Encrypt validation server; +https://www.letsencrypt.org)"
213.238.176.49 - - [20/May/2026:01:15:35 +0300] "GET /.well-known/acme-challenge/q8kYBAj4Lpopfo2hu8NzjOToLDEuW6E7QDOVM4dE5qw HTTP/1.1" 200 87 "-" "Mozilla/5.0 (compatible; Let's Encrypt validation server; +https://www.letsencrypt.org)"
16.16.200.15 - - [20/May/2026:01:15:34 +0300] "GET /.well-known/acme-challenge/mrK0NyrFS_uclnAyWF16BlkjW1Te9HG59oZlYXJKnGI HTTP/1.1" 200 87 "-" "Mozilla/5.0 (compatible; Let's Encrypt validation server; +https://www.letsencrypt.org)"
213.238.176.49 - - [20/May/2026:01:15:35 +0300] "GET /.well-known/acme-challenge/kfB-aV1ZcBHRD2knRnkJ-3-6PT8YYc-AZBjAj7uVZ1A HTTP/1.1" 200 87 "-" "Mozilla/5.0 (compatible; Let's Encrypt validation server; +https://www.letsencrypt.org)"
213.238.176.49 - - [20/May/2026:01:15:35 +0300] "GET /.well-known/acme-challenge/rRt6jRx1uH6IA4JZI93elcc-F_tZ_v1JvF7J1bYelyw HTTP/1.1" 200 87 "-" "Mozilla/5.0 (compatible; Let's Encrypt validation server; +https://www.letsencrypt.org)"
23.178.112.106 - - [20/May/2026:01:14:48 +0300] "GET /.well-known/acme-challenge/5b-ELozokBb6tGYdY1atgPBYuZ1AB1K3gzTMZ4rEKP4 HTTP/1.1" 200 87 "-" "Mozilla/5.0 (compatible; Let's Encrypt validation server; +https://www.letsencrypt.org)"
213.238.176.49 - - [20/May/2026:01:15:34 +0300] "GET /.well-known/acme-challenge/YAIYFw7ECwmUFffY1WTDmE7IBYW8dIuq8DvrtVPcVrY HTTP/1.1" 200 87 "-" "Mozilla/5.0 (compatible; Let's Encrypt validation server; +https://www.letsencrypt.org)"
18.218.48.95 - - [20/May/2026:01:15:34 +0300] "GET /.well-known/acme-challenge/mrK0NyrFS_uclnAyWF16BlkjW1Te9HG59oZlYXJKnGI HTTP/1.1" 200 87 "-" "Mozilla/5.0 (compatible; Let's Encrypt validation server; +https://www.letsencrypt.org)"
213.238.176.49 - - [20/May/2026:01:15:34 +0300] "GET /.well-known/acme-challenge/154MTKVvzYs6n7EXjPQ7XSuMYwSQvVQYKcZsd0MC4Sc HTTP/1.1" 200 87 "-" "Mozilla/5.0 (compatible; Let's Encrypt validation server; +https://www.letsencrypt.org)"
213.238.176.49 - - [20/May/2026:01:15:34 +0300] "GET /.well-known/acme-challenge/K967CawFiwfqnfmK6sCnW_pQKpVA7LP0VQpG2HKhxWs HTTP/1.1" 200 87 "-" "Mozilla/5.0 (compatible; Let's Encrypt validation server; +https://www.letsencrypt.org)"
213.238.176.49 - - [20/May/2026:01:15:35 +0300] "GET /.well-known/acme-challenge/kfB-aV1ZcBHRD2knRnkJ-3-6PT8YYc-AZBjAj7uVZ1A HTTP/1.1" 200 87 "-" "Mozilla/5.0 (compatible; Let's Encrypt validation server; +https://www.letsencrypt.org)"
18.218.48.95 - - [20/May/2026:01:14:49 +0300] "GET /.well-known/acme-challenge/5b-ELozokBb6tGYdY1atgPBYuZ1AB1K3gzTMZ4rEKP4 HTTP/1.1" 200 87 "-" "Mozilla/5.0 (compatible; Let's Encrypt validation server; +https://www.letsencrypt.org)"
213.238.176.49 - - [20/May/2026:01:15:33 +0300] "GET /.well-known/acme-challenge/seFni5jpkis5XkAj8uzl31zK5j3yHdJX9Yglv6NM1SQ HTTP/1.1" 200 87 "-" "Mozilla/5.0 (compatible; Let's Encrypt validation server; +https://www.letsencrypt.org)"
56.228.82.24 - - [20/May/2026:01:15:33 +0300] "GET /.well-known/acme-challenge/Eqjajjv8zcI9k2Ga3P4EzkDyhGy3EktdPS5yPRvLIkA HTTP/1.1" 200 87 "-" "Mozilla/5.0 (compatible; Let's Encrypt validation server; +https://www.letsencrypt.org)"
213.238.176.49 - - [20/May/2026:01:15:34 +0300] "GET /.well-known/acme-challenge/rRt6jRx1uH6IA4JZI93elcc-F_tZ_v1JvF7J1bYelyw HTTP/1.1" 200 87 "-" "Mozilla/5.0 (compatible; Let's Encrypt validation server; +https://www.letsencrypt.org)"
213.238.176.49 - - [20/May/2026:01:15:35 +0300] "GET /.well-known/acme-challenge/q8kYBAj4Lpopfo2hu8NzjOToLDEuW6E7QDOVM4dE5qw HTTP/1.1" 200 87 "-" "Mozilla/5.0 (compatible; Let's Encrypt validation server; +https://www.letsencrypt.org)"
213.238.176.49 - - [20/May/2026:01:15:35 +0300] "GET /.well-known/acme-challenge/YAIYFw7ECwmUFffY1WTDmE7IBYW8dIuq8DvrtVPcVrY HTTP/1.1" 200 87 "-" "Mozilla/5.0 (compatible; Let's Encrypt validation server; +https://www.letsencrypt.org)"
213.238.176.49 - - [20/May/2026:01:15:33 +0300] "GET /.well-known/acme-challenge/154MTKVvzYs6n7EXjPQ7XSuMYwSQvVQYKcZsd0MC4Sc HTTP/1.1" 200 87 "-" "Mozilla/5.0 (compatible; Let's Encrypt validation server; +https://www.letsencrypt.org)"
213.238.176.49 - - [20/May/2026:01:15:33 +0300] "GET /.well-known/acme-challenge/YAIYFw7ECwmUFffY1WTDmE7IBYW8dIuq8DvrtVPcVrY HTTP/1.1" 200 87 "-" "Mozilla/5.0 (compatible; Let's Encrypt validation server; +https://www.letsencrypt.org)"
213.238.176.49 - - [20/May/2026:01:15:34 +0300] "GET /.well-known/acme-challenge/q8kYBAj4Lpopfo2hu8NzjOToLDEuW6E7QDOVM4dE5qw HTTP/1.1" 200 87 "-" "Mozilla/5.0 (compatible; Let's Encrypt validation server; +https://www.letsencrypt.org)"
213.238.176.49 - - [20/May/2026:01:15:35 +0300] "GET /.well-known/acme-challenge/154MTKVvzYs6n7EXjPQ7XSuMYwSQvVQYKcZsd0MC4Sc HTTP/1.1" 200 87 "-" "Mozilla/5.0 (compatible; Let's Encrypt validation server; +https://www.letsencrypt.org)"
213.238.176.49 - - [20/May/2026:01:15:35 +0300] "GET /.well-known/acme-challenge/K967CawFiwfqnfmK6sCnW_pQKpVA7LP0VQpG2HKhxWs HTTP/1.1" 200 87 "-" "Mozilla/5.0 (compatible; Let's Encrypt validation server; +https://www.letsencrypt.org)"
213.238.176.49 - - [20/May/2026:01:15:35 +0300] "GET /.well-known/acme-challenge/rRt6jRx1uH6IA4JZI93elcc-F_tZ_v1JvF7J1bYelyw HTTP/1.1" 200 87 "-" "Mozilla/5.0 (compatible; Let's Encrypt validation server; +https://www.letsencrypt.org)"
134.122.28.88 - - [20/May/2026:01:17:06 +0300] "GET /login.action HTTP/1.1" 404 1251 "-" "Mozilla/5.0 (l9scan/2.0.9343e2637313e2833323e2331323; +https://leakix.net)"
134.122.28.88 - - [20/May/2026:01:17:07 +0300] "GET /___proxy_subdomain_cpanel HTTP/1.1" 404 1251 "-" "Mozilla/5.0 (l9scan/2.0.9343e2637313e2833323e2331323; +https://leakix.net)"
134.122.28.88 - - [20/May/2026:01:17:09 +0300] "GET /.DS_Store HTTP/1.1" 404 1251 "-" "Mozilla/5.0 (l9scan/2.0.9343e2637313e2833323e2331323; +https://leakix.net)"
134.122.28.88 - - [20/May/2026:01:17:10 +0300] "GET /.env HTTP/1.1" 404 1251 "-" "Mozilla/5.0 (l9scan/2.0.9343e2637313e2833323e2331323; +https://leakix.net)"
134.122.28.88 - - [20/May/2026:01:17:15 +0300] "POST /graphql HTTP/1.1" 404 1251 "-" "Mozilla/5.0 (l9scan/2.0.9343e2637313e2833323e2331323; +https://leakix.net)"
134.122.28.88 - - [20/May/2026:01:17:16 +0300] "POST /api/gql HTTP/1.1" 404 1251 "-" "Mozilla/5.0 (l9scan/2.0.9343e2637313e2833323e2331323; +https://leakix.net)"
134.122.28.88 - - [20/May/2026:01:17:20 +0300] "GET /actuator/env HTTP/1.1" 404 1251 "-" "Mozilla/5.0 (l9scan/2.0.9343e2637313e2833323e2331323; +https://leakix.net)"
134.122.28.88 - - [20/May/2026:01:17:27 +0300] "GET /swagger/v1/swagger.json HTTP/1.1" 404 1251 "-" "Mozilla/5.0 (l9scan/2.0.9343e2637313e2833323e2331323; +https://leakix.net)"
134.122.28.88 - - [20/May/2026:01:17:30 +0300] "GET /api-docs/swagger.json HTTP/1.1" 404 1251 "-" "Mozilla/5.0 (l9scan/2.0.9343e2637313e2833323e2331323; +https://leakix.net)"
134.122.28.88 - - [20/May/2026:01:17:31 +0300] "GET /api/swagger.json HTTP/1.1" 404 1251 "-" "Mozilla/5.0 (l9scan/2.0.9343e2637313e2833323e2331323; +https://leakix.net)"
134.122.28.88 - - [20/May/2026:01:17:33 +0300] "GET /@vite/env HTTP/1.1" 404 1251 "-" "Mozilla/5.0 (l9scan/2.0.9343e2637313e2833323e2331323; +https://leakix.net)"
134.122.28.88 - - [20/May/2026:01:17:36 +0300] "GET /?rest_route=/wp/v2/users/ HTTP/1.1" 200 793 "-" "Mozilla/5.0 (l9scan/2.0.9343e2637313e2833323e2331323; +https://leakix.net)"
205.169.39.8 - - [20/May/2026:01:18:00 +0300] "GET /_autoindex/assets/icons/file-text.svg HTTP/1.1" 200 457 "http://rootx13.mail.hepar.org.tr/" "Mozilla/5.0 (Windows NT 10.0; Win64; x64) AppleWebKit/537.36 (KHTML, like Gecko) Chrome/117.0.5938.132 Safari/537.36"
34.123.170.104 - - [20/May/2026:01:18:00 +0300] "GET /_autoindex/assets/icons/file-text.svg HTTP/1.1" 200 457 "http://rootx13.mail.hepar.org.tr/" "Mozilla/5.0 (X11; Linux x86_64) AppleWebKit/537.36 (KHTML, like Gecko) Chrome/125.0.0.0 Safari/537.36"
103.4.250.177 - - [20/May/2026:01:21:56 +0300] "GET / HTTP/1.1" 200 797 "-" "Mozilla/5.0 (iPhone; CPU iPhone OS 26_3 like Mac OS X) AppleWebKit/605.1.15 (KHTML, like Gecko) CriOS/144.0.7559.95 Mobile/15E148 Safari/604.1"
103.4.250.177 - - [20/May/2026:01:21:56 +0300] "GET /_autoindex/assets/css/autoindex.css HTTP/1.1" 200 1284 "http://www.rootx13.mail.hepar.org.tr/" "Mozilla/5.0 (iPhone; CPU iPhone OS 26_3 like Mac OS X) AppleWebKit/605.1.15 (KHTML, like Gecko) CriOS/144.0.7559.95 Mobile/15E148 Safari/604.1"
103.4.250.177 - - [20/May/2026:01:22:12 +0300] "GET /_autoindex/assets/icons/file-text.svg HTTP/1.1" 200 457 "http://www.rootx13.mail.hepar.org.tr/" "Mozilla/5.0 (iPhone; CPU iPhone OS 26_3 like Mac OS X) AppleWebKit/605.1.15 (KHTML, like Gecko) CriOS/144.0.7559.95 Mobile/15E148 Safari/604.1"
103.4.250.94 - - [20/May/2026:01:22:58 +0300] "GET / HTTP/1.1" 200 794 "-" "Mozilla/5.0 (iPhone; CPU iPhone OS 26_3 like Mac OS X) AppleWebKit/605.1.15 (KHTML, like Gecko) CriOS/144.0.7559.95 Mobile/15E148 Safari/604.1"
103.4.250.94 - - [20/May/2026:01:22:58 +0300] "GET /_autoindex/assets/css/autoindex.css HTTP/1.1" 200 1284 "http://mail.rootx13.mail.hepar.org.tr/" "Mozilla/5.0 (iPhone; CPU iPhone OS 26_3 like Mac OS X) AppleWebKit/605.1.15 (KHTML, like Gecko) CriOS/144.0.7559.95 Mobile/15E148 Safari/604.1"
134.122.28.88 - - [20/May/2026:01:17:00 +0300] "GET / HTTP/1.1" 200 1633 "-" "Mozilla/5.0 (l9scan/2.0.9343e2637313e2833323e2331323; +https://leakix.net)"
134.122.28.88 - - [20/May/2026:01:17:08 +0300] "GET /v2/_catalog HTTP/1.1" 404 1251 "-" "Mozilla/5.0 (l9scan/2.0.9343e2637313e2833323e2331323; +https://leakix.net)"
134.122.28.88 - - [20/May/2026:01:17:23 +0300] "GET /swagger/index.html HTTP/1.1" 404 1251 "-" "Mozilla/5.0 (l9scan/2.0.9343e2637313e2833323e2331323; +https://leakix.net)"
103.4.250.94 - - [20/May/2026:01:22:59 +0300] "GET /_autoindex/assets/js/tablesort.number.js HTTP/1.1" 200 362 "http://mail.rootx13.mail.hepar.org.tr/" "Mozilla/5.0 (iPhone; CPU iPhone OS 26_3 like Mac OS X) AppleWebKit/605.1.15 (KHTML, like Gecko) CriOS/144.0.7559.95 Mobile/15E148 Safari/604.1"
103.4.250.94 - - [20/May/2026:01:22:59 +0300] "GET /_autoindex/assets/icons/folder-fill.svg HTTP/1.1" 200 406 "http://mail.rootx13.mail.hepar.org.tr/" "Mozilla/5.0 (iPhone; CPU iPhone OS 26_3 like Mac OS X) AppleWebKit/605.1.15 (KHTML, like Gecko) CriOS/144.0.7559.95 Mobile/15E148 Safari/604.1"
103.4.250.94 - - [20/May/2026:01:22:59 +0300] "GET /favicon.ico HTTP/1.1" 404 1251 "http://mail.rootx13.mail.hepar.org.tr/" "Mozilla/5.0 (iPhone; CPU iPhone OS 26_3 like Mac OS X) AppleWebKit/605.1.15 (KHTML, like Gecko) CriOS/144.0.7559.95 Mobile/15E148 Safari/604.1"
103.4.250.51 - - [20/May/2026:01:23:46 +0300] "GET /_autoindex/assets/js/tablesort.number.js HTTP/1.1" 200 362 "http://rootx13.mail.hepar.org.tr/" "Mozilla/5.0 (iPhone; CPU iPhone OS 26_3 like Mac OS X) AppleWebKit/605.1.15 (KHTML, like Gecko) CriOS/144.0.7559.95 Mobile/15E148 Safari/604.1"
134.122.28.88 - - [20/May/2026:01:17:02 +0300] "GET /server HTTP/1.1" 404 1251 "-" "Mozilla/5.0 (l9scan/2.0.9343e2637313e2833323e2331323; +https://leakix.net)"
134.122.28.88 - - [20/May/2026:01:17:05 +0300] "GET /about HTTP/1.1" 404 1251 "-" "Mozilla/5.0 (l9scan/2.0.9343e2637313e2833323e2331323; +https://leakix.net)"
134.122.28.88 - - [20/May/2026:01:17:07 +0300] "GET / HTTP/1.1" 200 793 "-" "Mozilla/5.0 (l9scan/2.0.9343e2637313e2833323e2331323; +https://leakix.net)"
134.122.28.88 - - [20/May/2026:01:17:26 +0300] "GET /swagger.json HTTP/1.1" 404 1251 "-" "Mozilla/5.0 (l9scan/2.0.9343e2637313e2833323e2331323; +https://leakix.net)"
103.4.250.177 - - [20/May/2026:01:21:56 +0300] "GET /_autoindex/assets/js/tablesort.js HTTP/1.1" 200 2321 "http://www.rootx13.mail.hepar.org.tr/" "Mozilla/5.0 (iPhone; CPU iPhone OS 26_3 like Mac OS X) AppleWebKit/605.1.15 (KHTML, like Gecko) CriOS/144.0.7559.95 Mobile/15E148 Safari/604.1"
134.122.28.88 - - [20/May/2026:01:17:07 +0300] "GET /___proxy_subdomain_whm/login HTTP/1.1" 404 1251 "-" "Mozilla/5.0 (l9scan/2.0.9343e2637313e2833323e2331323; +https://leakix.net)"
134.122.28.88 - - [20/May/2026:01:17:12 +0300] "GET /ecp/Current/exporttool/microsoft.exchange.ediscovery.exporttool.application HTTP/1.1" 404 1251 "-" "Mozilla/5.0 (l9scan/2.0.9343e2637313e2833323e2331323; +https://leakix.net)"
134.122.28.88 - - [20/May/2026:01:17:14 +0300] "GET /.git/config HTTP/1.1" 403 1242 "-" "Mozilla/5.0 (l9scan/2.0.9343e2637313e2833323e2331323; +https://leakix.net)"
134.122.28.88 - - [20/May/2026:01:17:24 +0300] "GET /swagger/swagger-ui.html HTTP/1.1" 404 1251 "-" "Mozilla/5.0 (l9scan/2.0.9343e2637313e2833323e2331323; +https://leakix.net)"
134.122.28.88 - - [20/May/2026:01:17:29 +0300] "GET /v3/api-docs HTTP/1.1" 404 1251 "-" "Mozilla/5.0 (l9scan/2.0.9343e2637313e2833323e2331323; +https://leakix.net)"
134.122.28.88 - - [20/May/2026:01:17:34 +0300] "GET /.vscode/sftp.json HTTP/1.1" 404 1251 "-" "Mozilla/5.0 (l9scan/2.0.9343e2637313e2833323e2331323; +https://leakix.net)"
134.122.28.88 - - [20/May/2026:01:17:37 +0300] "GET /debug/default/view?panel=config HTTP/1.1" 404 1251 "-" "Mozilla/5.0 (l9scan/2.0.9343e2637313e2833323e2331323; +https://leakix.net)"
205.169.39.8 - - [20/May/2026:01:18:00 +0300] "GET /_autoindex/assets/icons/folder-fill.svg HTTP/1.1" 200 406 "http://rootx13.mail.hepar.org.tr/" "Mozilla/5.0 (Windows NT 10.0; Win64; x64) AppleWebKit/537.36 (KHTML, like Gecko) Chrome/117.0.5938.132 Safari/537.36"
34.72.176.129 - - [20/May/2026:01:18:00 +0300] "GET /_autoindex/assets/js/tablesort.number.js HTTP/1.1" 200 362 "http://rootx13.mail.hepar.org.tr/" "Mozilla/5.0 (X11; Linux x86_64) AppleWebKit/537.36 (KHTML, like Gecko) Chrome/125.0.0.0 Safari/537.36"
134.122.28.88 - - [20/May/2026:01:17:19 +0300] "GET /info.php HTTP/1.1" 404 1251 "-" "Mozilla/5.0 (l9scan/2.0.9343e2637313e2833323e2331323; +https://leakix.net)"
134.122.28.88 - - [20/May/2026:01:17:32 +0300] "GET /trace.axd HTTP/1.1" 404 1251 "-" "Mozilla/5.0 (l9scan/2.0.9343e2637313e2833323e2331323; +https://leakix.net)"
205.169.39.8 - - [20/May/2026:01:18:00 +0300] "GET /_autoindex/assets/js/tablesort.number.js HTTP/1.1" 200 362 "http://rootx13.mail.hepar.org.tr/" "Mozilla/5.0 (Windows NT 10.0; Win64; x64) AppleWebKit/537.36 (KHTML, like Gecko) Chrome/117.0.5938.132 Safari/537.36"
103.4.250.51 - - [20/May/2026:01:23:46 +0300] "GET /_autoindex/assets/icons/folder-fill.svg HTTP/1.1" 200 406 "http://rootx13.mail.hepar.org.tr/" "Mozilla/5.0 (iPhone; CPU iPhone OS 26_3 like Mac OS X) AppleWebKit/605.1.15 (KHTML, like Gecko) CriOS/144.0.7559.95 Mobile/15E148 Safari/604.1"
134.122.28.88 - - [20/May/2026:01:17:01 +0300] "GET /console/ HTTP/1.1" 404 1251 "-" "Mozilla/5.0 (l9scan/2.0.9343e2637313e2833323e2331323; +https://leakix.net)"
134.122.28.88 - - [20/May/2026:01:17:03 +0300] "GET /server-status HTTP/1.1" 404 1251 "-" "Mozilla/5.0 (l9scan/2.0.9343e2637313e2833323e2331323; +https://leakix.net)"
134.122.28.88 - - [20/May/2026:01:17:15 +0300] "POST /api HTTP/1.1" 404 1251 "-" "Mozilla/5.0 (l9scan/2.0.9343e2637313e2833323e2331323; +https://leakix.net)"
134.122.28.88 - - [20/May/2026:01:17:15 +0300] "POST /api/graphql HTTP/1.1" 404 1251 "-" "Mozilla/5.0 (l9scan/2.0.9343e2637313e2833323e2331323; +https://leakix.net)"
134.122.28.88 - - [20/May/2026:01:17:22 +0300] "GET /swagger-ui.html HTTP/1.1" 404 1251 "-" "Mozilla/5.0 (l9scan/2.0.9343e2637313e2833323e2331323; +https://leakix.net)"
205.169.39.8 - - [20/May/2026:01:18:00 +0300] "GET /_autoindex/assets/js/tablesort.js HTTP/1.1" 200 2321 "http://rootx13.mail.hepar.org.tr/" "Mozilla/5.0 (Windows NT 10.0; Win64; x64) AppleWebKit/537.36 (KHTML, like Gecko) Chrome/117.0.5938.132 Safari/537.36"
103.4.250.177 - - [20/May/2026:01:22:12 +0300] "GET /_autoindex/assets/icons/folder-fill.svg HTTP/1.1" 200 406 "http://www.rootx13.mail.hepar.org.tr/" "Mozilla/5.0 (iPhone; CPU iPhone OS 26_3 like Mac OS X) AppleWebKit/605.1.15 (KHTML, like Gecko) CriOS/144.0.7559.95 Mobile/15E148 Safari/604.1"
134.122.28.88 - - [20/May/2026:01:17:28 +0300] "GET /v2/api-docs HTTP/1.1" 404 1251 "-" "Mozilla/5.0 (l9scan/2.0.9343e2637313e2833323e2331323; +https://leakix.net)"
103.4.250.51 - - [20/May/2026:01:23:19 +0300] "GET /_autoindex/assets/js/tablesort.js HTTP/1.1" 200 2321 "http://rootx13.mail.hepar.org.tr/" "Mozilla/5.0 (iPhone; CPU iPhone OS 26_3 like Mac OS X) AppleWebKit/605.1.15 (KHTML, like Gecko) CriOS/144.0.7559.95 Mobile/15E148 Safari/604.1"
134.122.28.88 - - [20/May/2026:01:17:15 +0300] "POST /graphql/api HTTP/1.1" 404 1251 "-" "Mozilla/5.0 (l9scan/2.0.9343e2637313e2833323e2331323; +https://leakix.net)"
134.122.28.88 - - [20/May/2026:01:17:16 +0300] "GET /s/9343e2637313e2833323e2331323/_/;/META-INF/maven/com.atlassian.jira/jira-webapp-dist/pom.properties HTTP/1.1" 404 1251 "-" "Mozilla/5.0 (l9scan/2.0.9343e2637313e2833323e2331323; +https://leakix.net)"
134.122.28.88 - - [20/May/2026:01:17:17 +0300] "GET /config.json HTTP/1.1" 404 1251 "-" "Mozilla/5.0 (l9scan/2.0.9343e2637313e2833323e2331323; +https://leakix.net)"
134.122.28.88 - - [20/May/2026:01:17:19 +0300] "GET /telescope/requests HTTP/1.1" 404 1251 "-" "Mozilla/5.0 (l9scan/2.0.9343e2637313e2833323e2331323; +https://leakix.net)"
134.122.28.88 - - [20/May/2026:01:17:25 +0300] "GET /webjars/swagger-ui/index.html HTTP/1.1" 404 1251 "-" "Mozilla/5.0 (l9scan/2.0.9343e2637313e2833323e2331323; +https://leakix.net)"
134.122.28.88 - - [20/May/2026:01:17:35 +0300] "OPTIONS / HTTP/1.1" 200 793 "-" "Mozilla/5.0 (l9scan/2.0.9343e2637313e2833323e2331323; +https://leakix.net)"
205.169.39.8 - - [20/May/2026:01:18:00 +0300] "GET / HTTP/1.1" 200 793 "-" "Mozilla/5.0 (Windows NT 10.0; Win64; x64) AppleWebKit/537.36 (KHTML, like Gecko) Chrome/117.0.5938.132 Safari/537.36"
34.122.147.229 - - [20/May/2026:01:18:00 +0300] "GET / HTTP/1.1" 200 793 "-" "Mozilla/5.0 (X11; Linux x86_64) AppleWebKit/537.36 (KHTML, like Gecko) Chrome/125.0.0.0 Safari/537.36"
205.169.39.8 - - [20/May/2026:01:18:00 +0300] "GET /_autoindex/assets/css/autoindex.css HTTP/1.1" 200 1284 "http://rootx13.mail.hepar.org.tr/" "Mozilla/5.0 (Windows NT 10.0; Win64; x64) AppleWebKit/537.36 (KHTML, like Gecko) Chrome/117.0.5938.132 Safari/537.36"
34.122.147.229 - - [20/May/2026:01:18:00 +0300] "GET /_autoindex/assets/css/autoindex.css HTTP/1.1" 200 1284 "http://rootx13.mail.hepar.org.tr/" "Mozilla/5.0 (X11; Linux x86_64) AppleWebKit/537.36 (KHTML, like Gecko) Chrome/125.0.0.0 Safari/537.36"
34.122.147.229 - - [20/May/2026:01:18:00 +0300] "GET /_autoindex/assets/js/tablesort.js HTTP/1.1" 200 2321 "http://rootx13.mail.hepar.org.tr/" "Mozilla/5.0 (X11; Linux x86_64) AppleWebKit/537.36 (KHTML, like Gecko) Chrome/125.0.0.0 Safari/537.36"
34.72.176.129 - - [20/May/2026:01:18:00 +0300] "GET /_autoindex/assets/icons/folder-fill.svg HTTP/1.1" 200 406 "http://rootx13.mail.hepar.org.tr/" "Mozilla/5.0 (X11; Linux x86_64) AppleWebKit/537.36 (KHTML, like Gecko) Chrome/125.0.0.0 Safari/537.36"
103.4.250.177 - - [20/May/2026:01:22:12 +0300] "GET /_autoindex/assets/js/tablesort.number.js HTTP/1.1" 200 362 "http://www.rootx13.mail.hepar.org.tr/" "Mozilla/5.0 (iPhone; CPU iPhone OS 26_3 like Mac OS X) AppleWebKit/605.1.15 (KHTML, like Gecko) CriOS/144.0.7559.95 Mobile/15E148 Safari/604.1"
103.4.250.94 - - [20/May/2026:01:22:59 +0300] "GET /_autoindex/assets/js/tablesort.js HTTP/1.1" 200 2321 "http://mail.rootx13.mail.hepar.org.tr/" "Mozilla/5.0 (iPhone; CPU iPhone OS 26_3 like Mac OS X) AppleWebKit/605.1.15 (KHTML, like Gecko) CriOS/144.0.7559.95 Mobile/15E148 Safari/604.1"
103.4.250.94 - - [20/May/2026:01:22:59 +0300] "GET /_autoindex/assets/icons/file-text.svg HTTP/1.1" 200 457 "http://mail.rootx13.mail.hepar.org.tr/" "Mozilla/5.0 (iPhone; CPU iPhone OS 26_3 like Mac OS X) AppleWebKit/605.1.15 (KHTML, like Gecko) CriOS/144.0.7559.95 Mobile/15E148 Safari/604.1"
103.4.250.51 - - [20/May/2026:01:23:18 +0300] "GET / HTTP/1.1" 200 793 "-" "Mozilla/5.0 (iPhone; CPU iPhone OS 26_3 like Mac OS X) AppleWebKit/605.1.15 (KHTML, like Gecko) CriOS/144.0.7559.95 Mobile/15E148 Safari/604.1"
103.4.250.51 - - [20/May/2026:01:23:18 +0300] "GET /_autoindex/assets/css/autoindex.css HTTP/1.1" 200 1284 "http://rootx13.mail.hepar.org.tr/" "Mozilla/5.0 (iPhone; CPU iPhone OS 26_3 like Mac OS X) AppleWebKit/605.1.15 (KHTML, like Gecko) CriOS/144.0.7559.95 Mobile/15E148 Safari/604.1"
103.4.250.51 - - [20/May/2026:01:23:46 +0300] "GET /_autoindex/assets/icons/file-text.svg HTTP/1.1" 200 457 "http://rootx13.mail.hepar.org.tr/" "Mozilla/5.0 (iPhone; CPU iPhone OS 26_3 like Mac OS X) AppleWebKit/605.1.15 (KHTML, like Gecko) CriOS/144.0.7559.95 Mobile/15E148 Safari/604.1"
72.56.169.10 - - [20/May/2026:02:16:32 +0300] "GET /_autoindex/assets/css/autoindex.css HTTP/1.1" 200 1284 "http://mail.rootx13.mail.hepar.org.tr/" "Mozilla/5.0 (iPhone; CPU iPhone OS 26_3 like Mac OS X) AppleWebKit/605.1.15 (KHTML, like Gecko) CriOS/144.0.7559.95 Mobile/15E148 Safari/604.1"
158.46.211.49 - - [20/May/2026:02:16:31 +0300] "GET / HTTP/1.1" 200 794 "-" "Mozilla/5.0 (iPhone; CPU iPhone OS 26_3 like Mac OS X) AppleWebKit/605.1.15 (KHTML, like Gecko) CriOS/144.0.7559.95 Mobile/15E148 Safari/604.1"
161.77.162.176 - - [20/May/2026:02:16:32 +0300] "GET /_autoindex/assets/icons/file-text.svg HTTP/1.1" 200 457 "http://mail.rootx13.mail.hepar.org.tr/" "Mozilla/5.0 (iPhone; CPU iPhone OS 26_3 like Mac OS X) AppleWebKit/605.1.15 (KHTML, like Gecko) CriOS/144.0.7559.95 Mobile/15E148 Safari/604.1"
45.133.136.217 - - [20/May/2026:02:16:34 +0300] "GET /_autoindex/assets/icons/folder-fill.svg HTTP/1.1" 200 406 "http://mail.rootx13.mail.hepar.org.tr/" "Mozilla/5.0 (iPhone; CPU iPhone OS 26_3 like Mac OS X) AppleWebKit/605.1.15 (KHTML, like Gecko) CriOS/144.0.7559.95 Mobile/15E148 Safari/604.1"
91.108.218.122 - - [20/May/2026:02:16:34 +0300] "GET /_autoindex/assets/js/tablesort.js HTTP/1.1" 200 2321 "http://mail.rootx13.mail.hepar.org.tr/" "Mozilla/5.0 (iPhone; CPU iPhone OS 26_3 like Mac OS X) AppleWebKit/605.1.15 (KHTML, like Gecko) CriOS/144.0.7559.95 Mobile/15E148 Safari/604.1"
161.77.45.217 - - [20/May/2026:02:16:32 +0300] "GET /_autoindex/assets/js/tablesort.number.js HTTP/1.1" 200 362 "http://mail.rootx13.mail.hepar.org.tr/" "Mozilla/5.0 (iPhone; CPU iPhone OS 26_3 like Mac OS X) AppleWebKit/605.1.15 (KHTML, like Gecko) CriOS/144.0.7559.95 Mobile/15E148 Safari/604.1"
91.108.204.73 - - [20/May/2026:02:16:36 +0300] "GET /favicon.ico HTTP/1.1" 404 1251 "http://mail.rootx13.mail.hepar.org.tr/" "Mozilla/5.0 (iPhone; CPU iPhone OS 26_3 like Mac OS X) AppleWebKit/605.1.15 (KHTML, like Gecko) CriOS/144.0.7559.95 Mobile/15E148 Safari/604.1"
34.221.162.139 - - [20/May/2026:03:11:49 +0300] "GET / HTTP/1.1" 200 797 "-" "Mozilla/5.0 (Macintosh; Intel Mac OS X 10_15_7) AppleWebKit/537.36 (KHTML, like Gecko) Chrome/113.0.0.0 Safari/537.36"
34.221.162.139 - - [20/May/2026:03:11:49 +0300] "GET / HTTP/1.1" 200 797 "-" "Mozilla/5.0 (iPhone; CPU iPhone OS 14_4 like Mac OS X) AppleWebKit/605.1.15 (KHTML, like Gecko) Version/15.4 Mobile/15E148 Safari/604.1"
44.251.220.53 - - [20/May/2026:03:11:44 +0300] "GET / HTTP/1.1" 200 793 "-" "Mozilla/5.0 (Windows NT 10.0; Win64; x64) AppleWebKit/537.36 (KHTML, like Gecko) Chrome/70.0.3538.102 Safari/537.36 Edge/18.19582"
44.251.220.53 - - [20/May/2026:03:11:44 +0300] "GET / HTTP/1.1" 200 793 "-" "Mozilla/5.0 (iPhone; CPU iPhone OS 14_4 like Mac OS X) AppleWebKit/605.1.15 (KHTML, like Gecko) Version/15.4 Mobile/15E148 Safari/604.1"
149.50.208.54 - - [20/May/2026:04:02:53 +0300] "GET / HTTP/1.1" 200 793 "-" "Mozilla/5.0 (Windows NT 10.0; Win64; x64) AppleWebKit/537.36 (KHTML, like Gecko) Chrome/146.0.0.0 Safari/537.36 Edg/146.0.0.0"
78.135.93.186 - - [20/May/2026:04:10:25 +0300] "GET /x-cp-2eINvnEG.php HTTP/1.1" 200 3572 "-" "Mozilla/5.0 (Windows NT 10.0; Win64; x64) AppleWebKit/537.36 (KHTML, like Gecko) Chrome/146.0.0.0 Safari/537.36 Edg/146.0.0.0"
149.50.208.54 - - [20/May/2026:04:10:26 +0300] "GET /cgi-bin/ HTTP/1.1" 403 1242 "-" "Mozilla/5.0 (Linux; Android 10; K) AppleWebKit/537.36 (KHTML, like Gecko) Chrome/145.0.0.0 Mobile Safari/537.36"
74.80.181.150 - - [20/May/2026:04:10:28 +0300] "GET /cgi-bin/ HTTP/1.1" 403 1242 "-" "Mozilla/5.0 (Macintosh; Intel Mac OS X 10_15_7) AppleWebKit/537.36 (KHTML, like Gecko) Chrome/137.0.0.0 Safari/537.36"
198.44.138.180 - - [20/May/2026:04:10:25 +0300] "GET /x-cp-2eINvnEG.php HTTP/1.1" 200 3572 "-" "Mozilla/5.0 (Windows NT 10.0; Win64; x64) AppleWebKit/537.36 (KHTML, like Gecko) Chrome/148.0.0.0 Safari/537.36"
74.80.181.150 - - [20/May/2026:04:13:54 +0300] "GET /cgi-bin/ HTTP/1.1" 403 1242 "-" "Mozilla/5.0 (iPhone; CPU iPhone OS 18_0_1 like Mac OS X) AppleWebKit/605.1.15 (KHTML, like Gecko) Mobile/15E148 YaBrowser/26.4.1.655.10 YaApp_iOS/2604.1 YaApp_iOS_Browser/2604.1 Safari/604.1 SA/3 Version/18.0"
78.135.93.186 - - [20/May/2026:04:14:19 +0300] "GET /favicon.ico HTTP/1.1" 404 1251 "-" "Mozilla/5.0 (Windows NT 10.0; Win64; x64) AppleWebKit/537.36 (KHTML, like Gecko) Chrome/146.0.0.0 Safari/537.36 Edg/146.0.0.0"
164.92.164.2 - - [20/May/2026:05:18:38 +0300] "GET / HTTP/1.1" 200 793 "-" "Mozilla/5.0 (Windows NT 10.0; Win64; x64; rv:149.0) Gecko/20100101 Firefox/149.0"
159.223.99.134 - - [20/May/2026:05:42:33 +0300] "GET / HTTP/1.1" 200 793 "-" "Mozilla/5.0 (Windows NT 10.0; Win64; x64; rv:149.0) Gecko/20100101 Firefox/149.0"
143.110.142.126 - - [20/May/2026:05:51:01 +0300] "GET / HTTP/1.1" 200 794 "-" "Mozilla/5.0 (Windows NT 10.0; Win64; x64; rv:149.0) Gecko/20100101 Firefox/149.0"